w(2)?
1
Let v = -249 - -261. What is the units digit of ((13 - 9) + v)/(2/3)?
4
Suppose -1073 = -10*l + 737. Suppose l*a = 180*a + 735. What is the hundreds digit of a?
7
Let k be (399/35)/((-2)/10). Let m = k - -63. What is the tens digit of (-26)/(-2) - ((3 - m) + 3)?
1
Let j(w) = w**2 + 12*w - 81. Let y be j(-17). Suppose 0*q = -4*h + y*q + 648, -3*q = 3*h - 462. What is the hundreds digit of h?
1
Suppose 63*o - 4 = 65*o. Let r(x) = 24*x**2 + x - 4. Let j be r(o). Suppose 0*v + 2*v = j. What is the units digit of v?
5
Let r(f) = -f**2 - 30*f - 209. Let q be r(-11). Suppose 2*y - 850 = -3*y. Suppose -5*t + q*t = -y. What is the units digit of t?
4
Let p(h) = -h**3 + 7*h**2 - 8*h + 3. Let d be p(6). What is the hundreds digit of (-618 - 0)/(d/6)?
4
Let r = 5403 - 2952. Suppose -r + 666 = -5*s. Suppose -8*a + s = -91. What is the units digit of a?
6
Suppose 5*t - 5*m - 3995 = 0, 5*t - 2*m = 448 + 3550. Suppose 5*v + 2*n = 2534 + t, -15 = 5*n. What is the units digit of v?
8
Let z = 14188 + -5161. What is the thousands digit of z?
9
Let f(x) = -x**3 + 26*x**2 + 35539. What is the hundreds digit of f(0)?
5
Let s = 26346 - 14814. What is the units digit of s?
2
Let x = 92 - 84. Suppose 2628 = x*o + 268. What is the tens digit of o?
9
Suppose 2*x - 30*x = -109872. Suppose -x = 135*b - 138*b. What is the hundreds digit of b?
3
Suppose -18*w = -0*w - 270. What is the tens digit of ((-7425)/6)/w*(-18)/15?
9
Let d(u) = -100*u - 24. Let w be -1*(10 - 4 - 0). Let q be (-2)/6 - (1 - 10/w). What is the hundreds digit of d(q)?
2
Suppose -13*g = -15*g + 6. What is the units digit of g/((-27)/(-6)) + 1513/3?
5
What is the thousands digit of 408/1224*579*111?
1
Suppose -441966 + 18785 = -73*m. What is the thousands digit of m?
5
Suppose 0 = -20*n + 3035 - 83055. Let c = -2733 - n. What is the thousands digit of c?
1
What is the units digit of (31 - 35)*(152625/(-12))/5?
5
Suppose 0 = 3*u + 5*m - 40906, -40886 = -3*u + 310*m - 311*m. What is the ten thousands digit of u?
1
Let n be (9 - 7)/((-2)/(-19)). Let o = 22 - n. Suppose -2*v - 560 = -4*l, -9*v = o*l - 4*v - 407. What is the units digit of l?
9
Let v be (-3 - (2 - 5))/(-1) - -1299. Let d = v + -923. What is the hundreds digit of d?
3
Let q(l) = l**2 + 23*l + 54. Let f be q(0). Suppose f*h - 55*h = -259. What is the units digit of h?
9
Suppose -5*j + 13026 = 2*y, 3*j - 8*j = -5*y - 13040. Suppose -4*t + 2*i - 157 = -2753, -4*t + j = 3*i. What is the hundreds digit of t?
6
Let s(o) = 9*o**2 - 16*o - 34. Let f be s(10). Let b = -412 + f. What is the hundreds digit of b?
2
Let y be -1*(3/3 - 1). What is the hundreds digit of y + -4 + 176 + 0?
1
Let a(j) = -6 + 8*j - 29*j**2 - 23*j**2 + 51*j**2. Let b be a(9). Let k(g) = 2*g**2 + 17*g + 7. What is the tens digit of k(b)?
0
Suppose -5*i = -12*i + 66023 + 1436. What is the units digit of i?
7
Suppose -31*j = -26*j - 2570. Suppose -24*m = -29*m - 3*c + 858, 0 = -3*m - 2*c + j. What is the tens digit of m?
7
Let k(i) = -i**3 - 33*i**2 - 30*i + 68. Let j be k(-32). Suppose 25*o - 29*o - 8328 = -j*l, 3*l - 6246 = -3*o. What is the thousands digit of l?
2
Suppose -76*p = 18*p + 153*p - 18242926. What is the tens digit of p?
5
What is the units digit of 255782/34 + (-17 - -3)?
9
Suppose -3*h - 255 = -a, 0*a - 3*h = -2*a + 510. Let j be 14 + 2/(-5) + (-64)/40. Suppose 2*g = -q + a, 0 = 7*q - 3*q + j. What is the hundreds digit of g?
1
Suppose 0 = -5*w - 5, -n + 0*w = 4*w + 60. Let y be (n/(-12))/(1/3). Suppose -129 = -17*u + y*u. What is the tens digit of u?
4
Suppose 5*i + 18*i - 459144 = 813492. What is the hundreds digit of i?
3
What is the tens digit of ((-299440)/608)/(5/(-36))?
4
Let z = 66602 - 38843. What is the units digit of z?
9
Let z(v) = -v - 3. Let n be z(-17). Suppose -7672 = -n*a - 14*a. What is the units digit of a?
4
Let y be 464/3*(-42)/(-8). Suppose 0 = f - 5, 13*f - 9*f = q - y. What is the tens digit of q?
3
Suppose 112*l + 32 = 104*l. What is the hundreds digit of 644 - 14*2/l?
6
Let c(d) = -d**3 + 6*d**2 - 23. Suppose 2*f - 4 = -3*v, -5*f - 4*v = -2 - 15. Let k be c(f). Suppose -k*t + 0*t + 366 = 0. What is the units digit of t?
3
Let v = 228 - 226. Suppose 4*u - 2*u = m + 142, 8 = -v*m. What is the units digit of u?
9
Let u = -803 + 1316. What is the tens digit of (14/(-3))/((-9)/u)?
6
Suppose -224527 = 627*g - 632*g + 3*r, 0 = 2*g + 2*r - 89814. What is the ten thousands digit of g?
4
Let l = 893 - 841. What is the units digit of (-11832)/(-7) + l/(-182)?
0
Let v(n) = -n**3 - 14*n**2 + 10*n - 1. Suppose 0 = 8*f - 31 - 9. Suppose -2*m = -3*c - 39, 57 = -3*c + m - f*m. What is the units digit of v(c)?
4
Let l(u) = -u**3 - 8*u**2 - 7*u - 16. Let c be l(-8). Let h be (-1 - 2)/(6/c). What is the units digit of (0 - (-8)/h)*-60?
4
Suppose s + 10 = 16. Suppose -3 = -f + s. Suppose 0 = -j - f*j + 1090. What is the units digit of j?
9
Let l = -45 + 104. Let z be l*(0 + 1) - 1*3. What is the tens digit of (z - (2 + -6))*(-12)/(-10)?
7
Suppose -l = 3*l + 4*x - 12, -2*l - x = -6. Suppose 3*o - l*m + 0*m = 2658, 5*m + 1787 = 2*o. What is the hundreds digit of o?
8
Let r(g) = 804*g + 143. Let i be r(7). Suppose -446 + i = 5*v. What is the hundreds digit of v?
0
Let k(r) = 24*r - 7. Let z be k(5). Suppose 3*v + 2*i + 2*i - 597 = 0, 5*v + 5*i = 1000. Let a = v - z. What is the tens digit of a?
9
Let i(g) = g**3 - g. Let n(w) = 2*w + 4. Let b be n(-2). Let p be i(b). Suppose p = 9*y + 398 - 1406. What is the hundreds digit of y?
1
Let c(q) = q**3 + 3*q**2 + q + 2. Let v be c(-2). Let o(u) = u**3 + 0 - 2 + 8*u**2 + v*u + 10. What is the tens digit of o(-7)?
2
Let j = 662 - 632. Suppose 2*w - 2222 = -j*q + 25*q, -4*q - 5588 = -5*w. What is the tens digit of w?
1
Let l = -16 - -18. Let w(y) = -y**l + 2*y**2 + 2*y + 26 - 12. What is the tens digit of w(-6)?
3
Suppose 0 = 3*j + 5*d - 18927, -5*j - 5*d + 31545 = -4*d. What is the hundreds digit of j?
3
What is the thousands digit of 22/(-4)*(-42)/77 - -13863?
3
Let p = 217 + -210. Suppose 189 = p*i - 3493. What is the units digit of i?
6
Suppose 0 = a + 5*a - 1062. Suppose -5*r + 128 + a = 0. What is the units digit of r?
1
Let c(r) = 8*r**2 + 15*r - 39. Let l be c(16). Suppose 5*p - 2*s = 2821, 4*p + 7*s - 6*s = l. What is the units digit of p?
3
Let c(k) = k - 5. Let p = 2 + 5. Let f be c(p). What is the tens digit of ((-28)/(-21))/(f/111)?
7
Let d(b) = 216*b**2 + 18*b + 39. What is the tens digit of d(9)?
9
Suppose -53*f = -20*f - 17127. What is the units digit of f?
9
Let n be -14*(1730/2)/(6 + -7). Suppose -5*f = 2*f - n. What is the thousands digit of f?
1
Let b(k) = -223*k**2 - 30*k + 56. Let c(p) = -224*p**2 - 27*p + 55. Let o(n) = 3*b(n) - 4*c(n). What is the units digit of o(3)?
5
Suppose -12998 = -16*j - 68383 + 269657. What is the ten thousands digit of j?
1
Let c(q) = 78*q**2 + 9*q - 2. Let g be c(-5). Suppose 0 = -2*f + 3*a + g, 4*a + 3796 = 4*f - 0*a. What is the units digit of f?
4
Let s = -12356 - -21612. What is the thousands digit of s?
9
Let i be 0 - (3 + -25) - 5. What is the units digit of i/((1 + 3)/148)?
9
Suppose -3*j + 5*o + 17 = 13, -4*j - 2*o = 38. Let h(x) = -3*x**2 - 11 - x**2 - 2*x + 2*x**3 - 3*x**3. What is the tens digit of h(j)?
5
Let s(h) = -3444*h + 1722. What is the ten thousands digit of s(-5)?
1
Let v = -59 + 81. Suppose 396 = v*g - 21*g. What is the hundreds digit of g?
3
Let b(f) = 2*f**2 + 8*f - 44. Let c be b(-8). What is the tens digit of (1044/15)/(4/c)?
4
Suppose 108*n - 78*n = 476769 - 49269. What is the hundreds digit of n?
2
What is the hundreds digit of 21/819*13*24867?
2
Let g = 9408 - 4639. What is the tens digit of g?
6
Let l be (11*60/770)/((-2)/14). What is the thousands digit of 8586*2/8*(-4)/l?
1
Suppose -1699220 - 51898 = -204*i + 282150. What is the units digit of i?
7
Let s be (-1 - 0)*-1*396/12. Suppose 0 = -5*l - s - 17. What is the units digit of (352/l)/(6/(-30))?
6
Let f = -866 - -1306. Suppose 8*i = -0*i - f. What is the units digit of (i/15 - 3)*(-1 - 17)?
0
Suppose -500170 = -49*f + 350961 + 3919. What is the tens digit of f?
5
Let y = -163 + 85. Let u = -76 - y. Suppose u*f + 780 = 8*f. What is the hundreds digit of f?
1
Let i = 108724 + -33915. What is the thousands digit of i?
4
Suppose -2*s + 1 = -t, 5*s + 3*t + 20 = t. What is the tens di